{"id":533,"date":"2022-04-23T16:31:37","date_gmt":"2022-04-23T19:31:37","guid":{"rendered":"http:\/\/portobelodayrun.com.br\/?page_id=533"},"modified":"2024-05-07T17:13:13","modified_gmt":"2024-05-07T20:13:13","slug":"inscricoes","status":"publish","type":"page","link":"https:\/\/portobelodayrun.com.br\/?page_id=533","title":{"rendered":"INSCRI\u00c7\u00d5ES"},"content":{"rendered":"\t\t<div data-elementor-type=\"wp-page\" data-elementor-id=\"533\" class=\"elementor elementor-533\">\n\t\t\t\t\t\t<section class=\"elementor-section elementor-top-section elementor-element elementor-element-b7aa2a7 elementor-section-boxed elementor-section-height-default elementor-section-height-default\" data-id=\"b7aa2a7\" data-element_type=\"section\" data-e-type=\"section\">\n\t\t\t\t\t\t<div class=\"elementor-container elementor-column-gap-default\">\n\t\t\t\t\t<div class=\"elementor-column elementor-col-50 elementor-top-column elementor-element elementor-element-9463c22\" data-id=\"9463c22\" data-element_type=\"column\" data-e-type=\"column\">\n\t\t\t<div class=\"elementor-widget-wrap elementor-element-populated\">\n\t\t\t\t\t\t<div class=\"elementor-element elementor-element-0781471 elementor-widget elementor-widget-text-editor\" data-id=\"0781471\" data-element_type=\"widget\" data-e-type=\"widget\" data-widget_type=\"text-editor.default\">\n\t\t\t\t<div class=\"elementor-widget-container\">\n\t\t\t\t\t\t\t\t\t<h4>INSCRI\u00c7\u00d5ES\u00a0<\/h4><h4>Acesse no banner<\/h4>\t\t\t\t\t\t\t\t<\/div>\n\t\t\t\t<\/div>\n\t\t\t\t<div class=\"elementor-element elementor-element-385ad05 elementor-widget elementor-widget-image\" data-id=\"385ad05\" data-element_type=\"widget\" data-e-type=\"widget\" data-widget_type=\"image.default\">\n\t\t\t\t<div class=\"elementor-widget-container\">\n\t\t\t\t\t\t\t\t\t\t\t\t\t\t\t\t<a href=\"https:\/\/www.sprintcrono.com.br\/evento\/porto-belo-day-run-2024\" target=\"_blank\">\n\t\t\t\t\t\t\t<img fetchpriority=\"high\" decoding=\"async\" width=\"300\" height=\"181\" src=\"https:\/\/portobelodayrun.com.br\/wp-content\/uploads\/2023\/04\/LOGO-SPRINT-CRONO-300x181.png\" class=\"attachment-medium size-medium wp-image-787\" alt=\"\" srcset=\"https:\/\/portobelodayrun.com.br\/wp-content\/uploads\/2023\/04\/LOGO-SPRINT-CRONO-300x181.png 300w, https:\/\/portobelodayrun.com.br\/wp-content\/uploads\/2023\/04\/LOGO-SPRINT-CRONO-230x139.png 230w, https:\/\/portobelodayrun.com.br\/wp-content\/uploads\/2023\/04\/LOGO-SPRINT-CRONO-350x211.png 350w, https:\/\/portobelodayrun.com.br\/wp-content\/uploads\/2023\/04\/LOGO-SPRINT-CRONO-480x290.png 480w, https:\/\/portobelodayrun.com.br\/wp-content\/uploads\/2023\/04\/LOGO-SPRINT-CRONO.png 620w\" sizes=\"(max-width: 300px) 100vw, 300px\" \/>\t\t\t\t\t\t\t\t<\/a>\n\t\t\t\t\t\t\t\t\t\t\t\t\t\t\t<\/div>\n\t\t\t\t<\/div>\n\t\t\t\t\t<\/div>\n\t\t<\/div>\n\t\t\t\t<div class=\"elementor-column elementor-col-50 elementor-top-column elementor-element elementor-element-3487762\" data-id=\"3487762\" data-element_type=\"column\" data-e-type=\"column\">\n\t\t\t<div class=\"elementor-widget-wrap\">\n\t\t\t\t\t\t\t<\/div>\n\t\t<\/div>\n\t\t\t\t\t<\/div>\n\t\t<\/section>\n\t\t\t\t<\/div>\n\t\t","protected":false},"excerpt":{"rendered":"<p>INSCRI\u00c7\u00d5ES\u00a0 Acesse no banner<\/p>\n","protected":false},"author":1,"featured_media":0,"parent":0,"menu_order":0,"comment_status":"closed","ping_status":"closed","template":"elementor_header_footer","meta":{"footnotes":""},"class_list":["post-533","page","type-page","status-publish","hentry"],"yoast_head":"<!-- This site is optimized with the Yoast SEO Premium plugin v19.7 (Yoast SEO v20.8) - https:\/\/yoast.com\/wordpress\/plugins\/seo\/ -->\n<title>INSCRI\u00c7\u00d5ES - Circuito Costa Esmeralda<\/title>\n<meta name=\"robots\" content=\"index, follow, max-snippet:-1, max-image-preview:large, max-video-preview:-1\" \/>\n<link rel=\"canonical\" href=\"https:\/\/portobelodayrun.com.br\/?page_id=533\" \/>\n<meta property=\"og:locale\" content=\"pt_BR\" \/>\n<meta property=\"og:type\" content=\"article\" \/>\n<meta property=\"og:title\" content=\"INSCRI\u00c7\u00d5ES\" \/>\n<meta property=\"og:description\" content=\"INSCRI\u00c7\u00d5ES\u00a0 Acesse no banner\" \/>\n<meta property=\"og:url\" content=\"https:\/\/portobelodayrun.com.br\/?page_id=533\" \/>\n<meta property=\"og:site_name\" content=\"Circuito Costa Esmeralda\" \/>\n<meta property=\"article:modified_time\" content=\"2024-05-07T20:13:13+00:00\" \/>\n<meta property=\"og:image\" content=\"http:\/\/portobelodayrun.com.br\/wp-content\/uploads\/2023\/04\/LOGO-SPRINT-CRONO-300x181.png\" \/>\n<meta name=\"twitter:card\" content=\"summary_large_image\" \/>\n<meta name=\"twitter:label1\" content=\"Est. tempo de leitura\" \/>\n\t<meta name=\"twitter:data1\" content=\"1 minuto\" \/>\n<script type=\"application\/ld+json\" class=\"yoast-schema-graph\">{\"@context\":\"https:\/\/schema.org\",\"@graph\":[{\"@type\":\"WebPage\",\"@id\":\"https:\/\/portobelodayrun.com.br\/?page_id=533\",\"url\":\"https:\/\/portobelodayrun.com.br\/?page_id=533\",\"name\":\"INSCRI\u00c7\u00d5ES - Circuito Costa Esmeralda\",\"isPartOf\":{\"@id\":\"https:\/\/portobelodayrun.com.br\/#website\"},\"datePublished\":\"2022-04-23T19:31:37+00:00\",\"dateModified\":\"2024-05-07T20:13:13+00:00\",\"breadcrumb\":{\"@id\":\"https:\/\/portobelodayrun.com.br\/?page_id=533#breadcrumb\"},\"inLanguage\":\"pt-BR\",\"potentialAction\":[{\"@type\":\"ReadAction\",\"target\":[\"https:\/\/portobelodayrun.com.br\/?page_id=533\"]}]},{\"@type\":\"BreadcrumbList\",\"@id\":\"https:\/\/portobelodayrun.com.br\/?page_id=533#breadcrumb\",\"itemListElement\":[{\"@type\":\"ListItem\",\"position\":1,\"name\":\"In\u00edcio\",\"item\":\"https:\/\/portobelodayrun.com.br\/\"},{\"@type\":\"ListItem\",\"position\":2,\"name\":\"INSCRI\u00c7\u00d5ES\"}]},{\"@type\":\"WebSite\",\"@id\":\"https:\/\/portobelodayrun.com.br\/#website\",\"url\":\"https:\/\/portobelodayrun.com.br\/\",\"name\":\"Circuito Costa Esmeralda\",\"description\":\"\",\"potentialAction\":[{\"@type\":\"SearchAction\",\"target\":{\"@type\":\"EntryPoint\",\"urlTemplate\":\"https:\/\/portobelodayrun.com.br\/?s={search_term_string}\"},\"query-input\":\"required name=search_term_string\"}],\"inLanguage\":\"pt-BR\"}]}<\/script>\n<!-- \/ Yoast SEO Premium plugin. -->","yoast_head_json":{"title":"INSCRI\u00c7\u00d5ES - Circuito Costa Esmeralda","robots":{"index":"index","follow":"follow","max-snippet":"max-snippet:-1","max-image-preview":"max-image-preview:large","max-video-preview":"max-video-preview:-1"},"canonical":"https:\/\/portobelodayrun.com.br\/?page_id=533","og_locale":"pt_BR","og_type":"article","og_title":"INSCRI\u00c7\u00d5ES","og_description":"INSCRI\u00c7\u00d5ES\u00a0 Acesse no banner","og_url":"https:\/\/portobelodayrun.com.br\/?page_id=533","og_site_name":"Circuito Costa Esmeralda","article_modified_time":"2024-05-07T20:13:13+00:00","og_image":[{"url":"http:\/\/portobelodayrun.com.br\/wp-content\/uploads\/2023\/04\/LOGO-SPRINT-CRONO-300x181.png"}],"twitter_card":"summary_large_image","twitter_misc":{"Est. tempo de leitura":"1 minuto"},"schema":{"@context":"https:\/\/schema.org","@graph":[{"@type":"WebPage","@id":"https:\/\/portobelodayrun.com.br\/?page_id=533","url":"https:\/\/portobelodayrun.com.br\/?page_id=533","name":"INSCRI\u00c7\u00d5ES - Circuito Costa Esmeralda","isPartOf":{"@id":"https:\/\/portobelodayrun.com.br\/#website"},"datePublished":"2022-04-23T19:31:37+00:00","dateModified":"2024-05-07T20:13:13+00:00","breadcrumb":{"@id":"https:\/\/portobelodayrun.com.br\/?page_id=533#breadcrumb"},"inLanguage":"pt-BR","potentialAction":[{"@type":"ReadAction","target":["https:\/\/portobelodayrun.com.br\/?page_id=533"]}]},{"@type":"BreadcrumbList","@id":"https:\/\/portobelodayrun.com.br\/?page_id=533#breadcrumb","itemListElement":[{"@type":"ListItem","position":1,"name":"In\u00edcio","item":"https:\/\/portobelodayrun.com.br\/"},{"@type":"ListItem","position":2,"name":"INSCRI\u00c7\u00d5ES"}]},{"@type":"WebSite","@id":"https:\/\/portobelodayrun.com.br\/#website","url":"https:\/\/portobelodayrun.com.br\/","name":"Circuito Costa Esmeralda","description":"","potentialAction":[{"@type":"SearchAction","target":{"@type":"EntryPoint","urlTemplate":"https:\/\/portobelodayrun.com.br\/?s={search_term_string}"},"query-input":"required name=search_term_string"}],"inLanguage":"pt-BR"}]}},"_links":{"self":[{"href":"https:\/\/portobelodayrun.com.br\/index.php?rest_route=\/wp\/v2\/pages\/533","targetHints":{"allow":["GET"]}}],"collection":[{"href":"https:\/\/portobelodayrun.com.br\/index.php?rest_route=\/wp\/v2\/pages"}],"about":[{"href":"https:\/\/portobelodayrun.com.br\/index.php?rest_route=\/wp\/v2\/types\/page"}],"author":[{"embeddable":true,"href":"https:\/\/portobelodayrun.com.br\/index.php?rest_route=\/wp\/v2\/users\/1"}],"replies":[{"embeddable":true,"href":"https:\/\/portobelodayrun.com.br\/index.php?rest_route=%2Fwp%2Fv2%2Fcomments&post=533"}],"version-history":[{"count":22,"href":"https:\/\/portobelodayrun.com.br\/index.php?rest_route=\/wp\/v2\/pages\/533\/revisions"}],"predecessor-version":[{"id":932,"href":"https:\/\/portobelodayrun.com.br\/index.php?rest_route=\/wp\/v2\/pages\/533\/revisions\/932"}],"wp:attachment":[{"href":"https:\/\/portobelodayrun.com.br\/index.php?rest_route=%2Fwp%2Fv2%2Fmedia&parent=533"}],"curies":[{"name":"wp","href":"https:\/\/api.w.org\/{rel}","templated":true}]}}